{"id":6650,"date":"2026-02-01T11:42:43","date_gmt":"2026-02-01T09:42:43","guid":{"rendered":"http:\/\/www.kausel.de\/wordpress\/?page_id=6650"},"modified":"2026-02-09T12:08:16","modified_gmt":"2026-02-09T10:08:16","slug":"konkrete-kunst-gruppenausstellung-ausstellunng-museum-fuer-konkrete-kunst-ingolstadt","status":"publish","type":"page","link":"http:\/\/www.kausel.de\/wordpress\/konkrete-kunst-gruppenausstellung-ausstellunng-museum-fuer-konkrete-kunst-ingolstadt\/","title":{"rendered":"museum f\u00fcr konkrete Kunst Ingolstadt, konkrete kunst"},"content":{"rendered":"<div id=\"attachment_8291\" style=\"width: 590px\" class=\"wp-caption aligncenter\"><a href=\"http:\/\/www.kausel.de\/wordpress\/wp-content\/uploads\/2025\/05\/IMG_4346.jpeg\" data-rel=\"lightbox-image-0\" data-rl_title=\"\" data-rl_caption=\"\" title=\"\"><img aria-describedby=\"caption-attachment-8291\" decoding=\"async\" loading=\"lazy\" class=\"wp-image-8291 size-large\" src=\"http:\/\/www.kausel.de\/wordpress\/wp-content\/uploads\/2025\/05\/IMG_4346-1024x643.jpeg\" alt=\"Ausstellung Museum f\u00fcr konkrete Kunst Ingolstadt\" width=\"580\" height=\"364\" srcset=\"http:\/\/www.kausel.de\/wordpress\/wp-content\/uploads\/2025\/05\/IMG_4346-1024x643.jpeg 1024w, http:\/\/www.kausel.de\/wordpress\/wp-content\/uploads\/2025\/05\/IMG_4346-300x188.jpeg 300w, http:\/\/www.kausel.de\/wordpress\/wp-content\/uploads\/2025\/05\/IMG_4346-768x482.jpeg 768w, http:\/\/www.kausel.de\/wordpress\/wp-content\/uploads\/2025\/05\/IMG_4346-1536x964.jpeg 1536w, http:\/\/www.kausel.de\/wordpress\/wp-content\/uploads\/2025\/05\/IMG_4346-2048x1285.jpeg 2048w\" sizes=\"(max-width: 580px) 100vw, 580px\" \/><\/a><p id=\"caption-attachment-8291\" class=\"wp-caption-text\">Yellow 184, \u00d6l auf Leinwand. Kunstausstellung Museum f\u00fcr konkrete Kunst Ingolstadt<\/p><\/div>\n<p>&nbsp;<\/p>\n<p>&nbsp;<\/p>\n<p>&nbsp;<\/p>\n<div id=\"attachment_8287\" style=\"width: 590px\" class=\"wp-caption aligncenter\"><a href=\"http:\/\/www.kausel.de\/wordpress\/wp-content\/uploads\/2025\/05\/IMG_4273-scaled.jpg\" data-rel=\"lightbox-image-1\" data-rl_title=\"\" data-rl_caption=\"\" title=\"\"><img aria-describedby=\"caption-attachment-8287\" decoding=\"async\" loading=\"lazy\" class=\"size-large wp-image-8287\" src=\"http:\/\/www.kausel.de\/wordpress\/wp-content\/uploads\/2025\/05\/IMG_4273-1024x768.jpg\" alt=\"Museum f\u00fcr konkrete kunst Ingolstadt\" width=\"580\" height=\"435\" srcset=\"http:\/\/www.kausel.de\/wordpress\/wp-content\/uploads\/2025\/05\/IMG_4273-1024x768.jpg 1024w, http:\/\/www.kausel.de\/wordpress\/wp-content\/uploads\/2025\/05\/IMG_4273-300x225.jpg 300w, http:\/\/www.kausel.de\/wordpress\/wp-content\/uploads\/2025\/05\/IMG_4273-768x576.jpg 768w, http:\/\/www.kausel.de\/wordpress\/wp-content\/uploads\/2025\/05\/IMG_4273-1536x1152.jpg 1536w, http:\/\/www.kausel.de\/wordpress\/wp-content\/uploads\/2025\/05\/IMG_4273-2048x1536.jpg 2048w\" sizes=\"(max-width: 580px) 100vw, 580px\" \/><\/a><p id=\"caption-attachment-8287\" class=\"wp-caption-text\">Ausstellung konkrete Kunst im Museum f\u00fcr konkrete Kunst Ingolstadt<\/p><\/div>\n<p>&nbsp;<\/p>\n<p>&nbsp;<\/p>\n<div id=\"attachment_8293\" style=\"width: 590px\" class=\"wp-caption aligncenter\"><a href=\"http:\/\/www.kausel.de\/wordpress\/wp-content\/uploads\/2025\/05\/IMG_1752-scaled.jpeg\" data-rel=\"lightbox-image-2\" data-rl_title=\"\" data-rl_caption=\"\" title=\"\"><img aria-describedby=\"caption-attachment-8293\" decoding=\"async\" loading=\"lazy\" class=\"wp-image-8293 size-large\" src=\"http:\/\/www.kausel.de\/wordpress\/wp-content\/uploads\/2025\/05\/IMG_1752-1024x721.jpeg\" alt=\"Kunstausstellung Museum f\u00fcr konkrete Kunst Ingolstadt\" width=\"580\" height=\"408\" srcset=\"http:\/\/www.kausel.de\/wordpress\/wp-content\/uploads\/2025\/05\/IMG_1752-1024x721.jpeg 1024w, http:\/\/www.kausel.de\/wordpress\/wp-content\/uploads\/2025\/05\/IMG_1752-300x211.jpeg 300w, http:\/\/www.kausel.de\/wordpress\/wp-content\/uploads\/2025\/05\/IMG_1752-768x541.jpeg 768w, http:\/\/www.kausel.de\/wordpress\/wp-content\/uploads\/2025\/05\/IMG_1752-1536x1082.jpeg 1536w, http:\/\/www.kausel.de\/wordpress\/wp-content\/uploads\/2025\/05\/IMG_1752-2048x1443.jpeg 2048w\" sizes=\"(max-width: 580px) 100vw, 580px\" \/><\/a><p id=\"caption-attachment-8293\" class=\"wp-caption-text\">Kunstausstellung Museum f\u00fcr konkrete Kunst Ingolstadt. Kunstsammlung Museum f\u00fcr konkrete Kunst Ingolstadt.<\/p><\/div>\n<p>&nbsp;<\/p>\n<div id=\"attachment_8289\" style=\"width: 590px\" class=\"wp-caption aligncenter\"><a href=\"http:\/\/www.kausel.de\/wordpress\/wp-content\/uploads\/2025\/05\/IMG_4367-scaled.jpg\" data-rel=\"lightbox-image-3\" data-rl_title=\"\" data-rl_caption=\"\" title=\"\"><img aria-describedby=\"caption-attachment-8289\" decoding=\"async\" loading=\"lazy\" class=\"wp-image-8289 size-large\" src=\"http:\/\/www.kausel.de\/wordpress\/wp-content\/uploads\/2025\/05\/IMG_4367-768x1024.jpg\" alt=\"Museum f\u00fcr konkete Kunst Ingolstadt\" width=\"580\" height=\"773\" srcset=\"http:\/\/www.kausel.de\/wordpress\/wp-content\/uploads\/2025\/05\/IMG_4367-768x1024.jpg 768w, http:\/\/www.kausel.de\/wordpress\/wp-content\/uploads\/2025\/05\/IMG_4367-225x300.jpg 225w, http:\/\/www.kausel.de\/wordpress\/wp-content\/uploads\/2025\/05\/IMG_4367-1152x1536.jpg 1152w, http:\/\/www.kausel.de\/wordpress\/wp-content\/uploads\/2025\/05\/IMG_4367-1536x2048.jpg 1536w, http:\/\/www.kausel.de\/wordpress\/wp-content\/uploads\/2025\/05\/IMG_4367-scaled.jpg 1920w\" sizes=\"(max-width: 580px) 100vw, 580px\" \/><\/a><p id=\"caption-attachment-8289\" class=\"wp-caption-text\">Geordnete Farben. Konkrete Malerei. Museum f\u00fcr konkrete Kunst Ingolstadt. Katalog.<\/p><\/div>\n<p>&nbsp;<\/p>\n<div id=\"attachment_5198\" style=\"width: 590px\" class=\"wp-caption aligncenter\"><a href=\"http:\/\/www.kausel.de\/wordpress\/wp-content\/uploads\/2021\/03\/B173851B-75E6-4FF2-84F7-D4F3476DD8F5.jpg\" data-rel=\"lightbox-image-4\" data-rl_title=\"\" data-rl_caption=\"\" title=\"\"><img aria-describedby=\"caption-attachment-5198\" decoding=\"async\" loading=\"lazy\" class=\"wp-image-5198 size-large\" src=\"http:\/\/www.kausel.de\/wordpress\/wp-content\/uploads\/2021\/03\/B173851B-75E6-4FF2-84F7-D4F3476DD8F5-1024x1024.jpg\" alt=\"Kunstausstellung Museum f\u00fcr Konkrete Kunst Ingolstadt\" width=\"580\" height=\"580\" srcset=\"http:\/\/www.kausel.de\/wordpress\/wp-content\/uploads\/2021\/03\/B173851B-75E6-4FF2-84F7-D4F3476DD8F5-1024x1024.jpg 1024w, http:\/\/www.kausel.de\/wordpress\/wp-content\/uploads\/2021\/03\/B173851B-75E6-4FF2-84F7-D4F3476DD8F5-300x300.jpg 300w, http:\/\/www.kausel.de\/wordpress\/wp-content\/uploads\/2021\/03\/B173851B-75E6-4FF2-84F7-D4F3476DD8F5-150x150.jpg 150w, http:\/\/www.kausel.de\/wordpress\/wp-content\/uploads\/2021\/03\/B173851B-75E6-4FF2-84F7-D4F3476DD8F5-768x768.jpg 768w, http:\/\/www.kausel.de\/wordpress\/wp-content\/uploads\/2021\/03\/B173851B-75E6-4FF2-84F7-D4F3476DD8F5-1536x1536.jpg 1536w, http:\/\/www.kausel.de\/wordpress\/wp-content\/uploads\/2021\/03\/B173851B-75E6-4FF2-84F7-D4F3476DD8F5.jpg 1919w\" sizes=\"(max-width: 580px) 100vw, 580px\" \/><\/a><p id=\"caption-attachment-5198\" class=\"wp-caption-text\">Museum f\u00fcr Konkrete Kunst Ingolstadt.Ausstellung mit Werken von Thomas Peter Kausel<\/p><\/div>\n<p>&nbsp;<\/p>\n<div id=\"attachment_4745\" style=\"width: 590px\" class=\"wp-caption aligncenter\"><a href=\"http:\/\/www.kausel.de\/wordpress\/wp-content\/uploads\/2020\/07\/museum-mingolstadt.jpg\" data-rel=\"lightbox-image-5\" data-rl_title=\"\" data-rl_caption=\"\" title=\"\"><img aria-describedby=\"caption-attachment-4745\" decoding=\"async\" loading=\"lazy\" class=\"wp-image-4745 size-large\" src=\"http:\/\/www.kausel.de\/wordpress\/wp-content\/uploads\/2020\/07\/museum-mingolstadt-933x1024.jpg\" alt=\"Museum f\u00fcr Konkrete Kunst Ingolstadt.Ausstellung mit Werken von Thomas Peter Kausel\" width=\"580\" height=\"637\" srcset=\"http:\/\/www.kausel.de\/wordpress\/wp-content\/uploads\/2020\/07\/museum-mingolstadt-933x1024.jpg 933w, http:\/\/www.kausel.de\/wordpress\/wp-content\/uploads\/2020\/07\/museum-mingolstadt-273x300.jpg 273w, http:\/\/www.kausel.de\/wordpress\/wp-content\/uploads\/2020\/07\/museum-mingolstadt-768x843.jpg 768w\" sizes=\"(max-width: 580px) 100vw, 580px\" \/><\/a><p id=\"caption-attachment-4745\" class=\"wp-caption-text\">Museum f\u00fcr Konkrete Kunst Ingolstadt.Ausstellung mit Werken von Thomas Peter Kausel. K\u00fcnstlergespr\u00e4ch.<\/p><\/div>\n<p>&nbsp;<\/p>\n<div id=\"attachment_7433\" style=\"width: 590px\" class=\"wp-caption aligncenter\"><a href=\"http:\/\/www.kausel.de\/wordpress\/wp-content\/uploads\/2023\/02\/IMG_1752-2.jpeg\" data-rel=\"lightbox-image-6\" data-rl_title=\"14 H\u00f6lzer auf blau\" data-rl_caption=\"\" title=\"14 H\u00f6lzer auf blau\"><img aria-describedby=\"caption-attachment-7433\" decoding=\"async\" loading=\"lazy\" class=\"wp-image-7433 size-large\" src=\"http:\/\/www.kausel.de\/wordpress\/wp-content\/uploads\/2023\/02\/IMG_1752-2-711x1024.jpeg\" alt=\"Museum f\u00fcr konkrete Kunst Ingolstadt\" width=\"580\" height=\"835\" srcset=\"http:\/\/www.kausel.de\/wordpress\/wp-content\/uploads\/2023\/02\/IMG_1752-2-711x1024.jpeg 711w, http:\/\/www.kausel.de\/wordpress\/wp-content\/uploads\/2023\/02\/IMG_1752-2-208x300.jpeg 208w, http:\/\/www.kausel.de\/wordpress\/wp-content\/uploads\/2023\/02\/IMG_1752-2-768x1106.jpeg 768w, http:\/\/www.kausel.de\/wordpress\/wp-content\/uploads\/2023\/02\/IMG_1752-2-1067x1536.jpeg 1067w, http:\/\/www.kausel.de\/wordpress\/wp-content\/uploads\/2023\/02\/IMG_1752-2-1423x2048.jpeg 1423w, http:\/\/www.kausel.de\/wordpress\/wp-content\/uploads\/2023\/02\/IMG_1752-2.jpeg 1592w\" sizes=\"(max-width: 580px) 100vw, 580px\" \/><\/a><p id=\"caption-attachment-7433\" class=\"wp-caption-text\">Kunstsammlung &#8222;14 Blau&#8220; von Thomas Peter Kausel im Museum f\u00fcr konkrete Kunst Ingolstadt<\/p><\/div>\n<p>&nbsp;<\/p>\n<p>&nbsp;<\/p>\n<p>&nbsp;<\/p>\n<div id=\"attachment_7537\" style=\"width: 590px\" class=\"wp-caption aligncenter\"><a href=\"http:\/\/www.kausel.de\/wordpress\/wp-content\/uploads\/2023\/02\/Museum-fuer-konkete-kunst-ingolstadt.jpg\" data-rel=\"lightbox-image-7\" data-rl_title=\"\" data-rl_caption=\"\" title=\"\"><img aria-describedby=\"caption-attachment-7537\" decoding=\"async\" loading=\"lazy\" class=\"wp-image-7537 size-large\" src=\"http:\/\/www.kausel.de\/wordpress\/wp-content\/uploads\/2023\/02\/Museum-fuer-konkete-kunst-ingolstadt-1024x999.jpg\" alt=\"\" width=\"580\" height=\"566\" srcset=\"http:\/\/www.kausel.de\/wordpress\/wp-content\/uploads\/2023\/02\/Museum-fuer-konkete-kunst-ingolstadt-1024x999.jpg 1024w, http:\/\/www.kausel.de\/wordpress\/wp-content\/uploads\/2023\/02\/Museum-fuer-konkete-kunst-ingolstadt-300x293.jpg 300w, http:\/\/www.kausel.de\/wordpress\/wp-content\/uploads\/2023\/02\/Museum-fuer-konkete-kunst-ingolstadt-768x749.jpg 768w, http:\/\/www.kausel.de\/wordpress\/wp-content\/uploads\/2023\/02\/Museum-fuer-konkete-kunst-ingolstadt-1536x1499.jpg 1536w, http:\/\/www.kausel.de\/wordpress\/wp-content\/uploads\/2023\/02\/Museum-fuer-konkete-kunst-ingolstadt-2048x1999.jpg 2048w\" sizes=\"(max-width: 580px) 100vw, 580px\" \/><\/a><p id=\"caption-attachment-7537\" class=\"wp-caption-text\">Museum f\u00fcr konkrete kunst Ingolstadt, K\u00fcnstlergespr\u00e4ch<\/p><\/div>\n<p>&nbsp;<\/p>\n<p>&nbsp;<\/p>\n<p>&nbsp;<\/p>\n<p>&nbsp;<\/p>\n<div id=\"attachment_7539\" style=\"width: 590px\" class=\"wp-caption aligncenter\"><a href=\"http:\/\/www.kausel.de\/wordpress\/wp-content\/uploads\/2023\/02\/museum-fuer-konkrete-kunst-ingolstadt-Ausstellungsaufbau-Kopie-3.jpg\" data-rel=\"lightbox-image-8\" data-rl_title=\"\" data-rl_caption=\"\" title=\"\"><img aria-describedby=\"caption-attachment-7539\" decoding=\"async\" loading=\"lazy\" class=\"wp-image-7539 size-large\" src=\"http:\/\/www.kausel.de\/wordpress\/wp-content\/uploads\/2023\/02\/museum-fuer-konkrete-kunst-ingolstadt-Ausstellungsaufbau-Kopie-3-1024x1024.jpg\" alt=\"\" width=\"580\" height=\"580\" srcset=\"http:\/\/www.kausel.de\/wordpress\/wp-content\/uploads\/2023\/02\/museum-fuer-konkrete-kunst-ingolstadt-Ausstellungsaufbau-Kopie-3-1024x1024.jpg 1024w, http:\/\/www.kausel.de\/wordpress\/wp-content\/uploads\/2023\/02\/museum-fuer-konkrete-kunst-ingolstadt-Ausstellungsaufbau-Kopie-3-300x300.jpg 300w, http:\/\/www.kausel.de\/wordpress\/wp-content\/uploads\/2023\/02\/museum-fuer-konkrete-kunst-ingolstadt-Ausstellungsaufbau-Kopie-3-150x150.jpg 150w, http:\/\/www.kausel.de\/wordpress\/wp-content\/uploads\/2023\/02\/museum-fuer-konkrete-kunst-ingolstadt-Ausstellungsaufbau-Kopie-3-768x768.jpg 768w, http:\/\/www.kausel.de\/wordpress\/wp-content\/uploads\/2023\/02\/museum-fuer-konkrete-kunst-ingolstadt-Ausstellungsaufbau-Kopie-3-1536x1536.jpg 1536w, http:\/\/www.kausel.de\/wordpress\/wp-content\/uploads\/2023\/02\/museum-fuer-konkrete-kunst-ingolstadt-Ausstellungsaufbau-Kopie-3-2048x2048.jpg 2048w\" sizes=\"(max-width: 580px) 100vw, 580px\" \/><\/a><p id=\"caption-attachment-7539\" class=\"wp-caption-text\">Museum f\u00fcr konkrete kunst. Ausstellungsaufbau Kunstausstellung<\/p><\/div>\n<p>&nbsp;<\/p>\n<p>&nbsp;<\/p>\n<p>&nbsp;<\/p>\n<div id=\"attachment_7541\" style=\"width: 590px\" class=\"wp-caption aligncenter\"><a href=\"http:\/\/www.kausel.de\/wordpress\/wp-content\/uploads\/2023\/02\/konkrete-kunst-Museum-fuer-konkrete-Kunst-Ingolstadt-Ausstellung-scaled.jpg\" data-rel=\"lightbox-image-9\" data-rl_title=\"\" data-rl_caption=\"\" title=\"\"><img aria-describedby=\"caption-attachment-7541\" decoding=\"async\" loading=\"lazy\" class=\"wp-image-7541 size-large\" src=\"http:\/\/www.kausel.de\/wordpress\/wp-content\/uploads\/2023\/02\/konkrete-kunst-Museum-fuer-konkrete-Kunst-Ingolstadt-Ausstellung-1024x688.jpg\" alt=\"\" width=\"580\" height=\"390\" srcset=\"http:\/\/www.kausel.de\/wordpress\/wp-content\/uploads\/2023\/02\/konkrete-kunst-Museum-fuer-konkrete-Kunst-Ingolstadt-Ausstellung-1024x688.jpg 1024w, http:\/\/www.kausel.de\/wordpress\/wp-content\/uploads\/2023\/02\/konkrete-kunst-Museum-fuer-konkrete-Kunst-Ingolstadt-Ausstellung-300x202.jpg 300w, http:\/\/www.kausel.de\/wordpress\/wp-content\/uploads\/2023\/02\/konkrete-kunst-Museum-fuer-konkrete-Kunst-Ingolstadt-Ausstellung-768x516.jpg 768w, http:\/\/www.kausel.de\/wordpress\/wp-content\/uploads\/2023\/02\/konkrete-kunst-Museum-fuer-konkrete-Kunst-Ingolstadt-Ausstellung-1536x1032.jpg 1536w, http:\/\/www.kausel.de\/wordpress\/wp-content\/uploads\/2023\/02\/konkrete-kunst-Museum-fuer-konkrete-Kunst-Ingolstadt-Ausstellung-2048x1376.jpg 2048w\" sizes=\"(max-width: 580px) 100vw, 580px\" \/><\/a><p id=\"caption-attachment-7541\" class=\"wp-caption-text\">Museum f\u00fcr konkrete Kunst Ingolstadt. Ausstellung Experiment : konkret<\/p><\/div>\n<p>&nbsp;<\/p>\n<p>&nbsp;<\/p>\n<div id=\"attachment_8295\" style=\"width: 590px\" class=\"wp-caption aligncenter\"><a href=\"http:\/\/www.kausel.de\/wordpress\/wp-content\/uploads\/2025\/05\/IMG_1764-scaled.jpeg\" data-rel=\"lightbox-image-10\" data-rl_title=\"\" data-rl_caption=\"\" title=\"\"><img aria-describedby=\"caption-attachment-8295\" decoding=\"async\" loading=\"lazy\" class=\"wp-image-8295 size-large\" src=\"http:\/\/www.kausel.de\/wordpress\/wp-content\/uploads\/2025\/05\/IMG_1764-1024x768.jpeg\" alt=\"Kunstsammlung Museum f\u00fcr konkrete kunst Ingolstadt\" width=\"580\" height=\"435\" srcset=\"http:\/\/www.kausel.de\/wordpress\/wp-content\/uploads\/2025\/05\/IMG_1764-1024x768.jpeg 1024w, http:\/\/www.kausel.de\/wordpress\/wp-content\/uploads\/2025\/05\/IMG_1764-300x225.jpeg 300w, http:\/\/www.kausel.de\/wordpress\/wp-content\/uploads\/2025\/05\/IMG_1764-768x576.jpeg 768w, http:\/\/www.kausel.de\/wordpress\/wp-content\/uploads\/2025\/05\/IMG_1764-1536x1152.jpeg 1536w, http:\/\/www.kausel.de\/wordpress\/wp-content\/uploads\/2025\/05\/IMG_1764-2048x1536.jpeg 2048w\" sizes=\"(max-width: 580px) 100vw, 580px\" \/><\/a><p id=\"caption-attachment-8295\" class=\"wp-caption-text\">Kunstsammlung f\u00fcr konkrete Kunst Museum f\u00fcr konkrete Kunst Ingolstadt<\/p><\/div>\n<p>&nbsp;<\/p>\n<p>&nbsp;<\/p>\n<div id=\"attachment_8297\" style=\"width: 590px\" class=\"wp-caption aligncenter\"><a href=\"http:\/\/www.kausel.de\/wordpress\/wp-content\/uploads\/2025\/05\/IMG_1735-scaled.jpeg\" data-rel=\"lightbox-image-11\" data-rl_title=\"\" data-rl_caption=\"\" title=\"\"><img aria-describedby=\"caption-attachment-8297\" decoding=\"async\" loading=\"lazy\" class=\"wp-image-8297 size-large\" src=\"http:\/\/www.kausel.de\/wordpress\/wp-content\/uploads\/2025\/05\/IMG_1735-1024x768.jpeg\" alt=\"Museum f\u00fcr konkete Kunst Ingolstadt Kunstausstellung\" width=\"580\" height=\"435\" srcset=\"http:\/\/www.kausel.de\/wordpress\/wp-content\/uploads\/2025\/05\/IMG_1735-1024x768.jpeg 1024w, http:\/\/www.kausel.de\/wordpress\/wp-content\/uploads\/2025\/05\/IMG_1735-300x225.jpeg 300w, http:\/\/www.kausel.de\/wordpress\/wp-content\/uploads\/2025\/05\/IMG_1735-768x576.jpeg 768w, http:\/\/www.kausel.de\/wordpress\/wp-content\/uploads\/2025\/05\/IMG_1735-1536x1152.jpeg 1536w, http:\/\/www.kausel.de\/wordpress\/wp-content\/uploads\/2025\/05\/IMG_1735-2048x1536.jpeg 2048w\" sizes=\"(max-width: 580px) 100vw, 580px\" \/><\/a><p id=\"caption-attachment-8297\" class=\"wp-caption-text\">Museum f\u00fcr konkrete Kunst Ingolstadt, Kunstausstellung<\/p><\/div>\n<p>&nbsp;<\/p>\n<p>&nbsp;<\/p>\n<p>&nbsp;<\/p>\n<p>&nbsp;<\/p>\n<p>&nbsp;<\/p>\n<p>&nbsp;<\/p>\n<p>&nbsp;<\/p>\n<p>&nbsp;<\/p>\n<p>&nbsp;<\/p>\n<p>&nbsp;<\/p>\n<p>&nbsp;<\/p>\n<p>&nbsp;<\/p>\n<p>&nbsp;<\/p>\n<p>&nbsp;<\/p>\n<p>&nbsp;<\/p>\n<p>&nbsp;<\/p>\n<p>&nbsp;<\/p>\n","protected":false},"excerpt":{"rendered":"<p>&nbsp; &nbsp; &nbsp; &nbsp; &nbsp; &nbsp; &nbsp; &nbsp; &nbsp; &nbsp; &nbsp; &nbsp; &nbsp; &nbsp; &nbsp; &nbsp; &nbsp; &nbsp; &nbsp; &nbsp; &nbsp; &nbsp; &nbsp; &nbsp; &nbsp; &nbsp; &nbsp; &nbsp; &nbsp; &nbsp; &nbsp; &nbsp; &nbsp; &nbsp; &nbsp; &nbsp; &nbsp; &nbsp; &nbsp; &nbsp;<\/p>\n","protected":false},"author":2,"featured_media":0,"parent":0,"menu_order":0,"comment_status":"closed","ping_status":"closed","template":"","meta":[],"_links":{"self":[{"href":"http:\/\/www.kausel.de\/wordpress\/wp-json\/wp\/v2\/pages\/6650"}],"collection":[{"href":"http:\/\/www.kausel.de\/wordpress\/wp-json\/wp\/v2\/pages"}],"about":[{"href":"http:\/\/www.kausel.de\/wordpress\/wp-json\/wp\/v2\/types\/page"}],"author":[{"embeddable":true,"href":"http:\/\/www.kausel.de\/wordpress\/wp-json\/wp\/v2\/users\/2"}],"replies":[{"embeddable":true,"href":"http:\/\/www.kausel.de\/wordpress\/wp-json\/wp\/v2\/comments?post=6650"}],"version-history":[{"count":42,"href":"http:\/\/www.kausel.de\/wordpress\/wp-json\/wp\/v2\/pages\/6650\/revisions"}],"predecessor-version":[{"id":8298,"href":"http:\/\/www.kausel.de\/wordpress\/wp-json\/wp\/v2\/pages\/6650\/revisions\/8298"}],"wp:attachment":[{"href":"http:\/\/www.kausel.de\/wordpress\/wp-json\/wp\/v2\/media?parent=6650"}],"curies":[{"name":"wp","href":"https:\/\/api.w.org\/{rel}","templated":true}]}}